y = 37 - 1. What are the prime factors of y?
3
Suppose u - 28 = 5*u. Let r = u + 12. List the prime factors of r.
5
Suppose 3*t + 1 - 7 = 0. Suppose 0 = t*h - 8 - 2. Suppose -25 = -h*j, 0 = k + 3*j - 4 - 16. What are the prime factors of k?
5
Suppose 5 = 4*r + 17. What are the prime factors of (-1)/r + (-160)/(-6)?
3
Let a be (-5)/(-1 - (-20)/18). Let x = a + 81. Suppose 0*d - d = -2*l - 2, 2*d + 4*l = x. What are the prime factors of d?
2, 5
Suppose 0 = 4*t + 2*f - 10, 7*f = 3*f - 20. Suppose r + t*q - 19 = 0, -5*r + r - 4*q + 44 = 0. What are the prime factors of r?
3
Let z = 196 + -58. List the prime factors of z.
2, 3, 23
Suppose -1 = 4*p + 2*u - 215, 2*p - 5*u - 101 = 0. What are the prime factors of p?
53
Let s be (-1 + 2)*1 + 1. Suppose 3*m + 3*p = 168, 0*p + 112 = s*m - 2*p. List the prime factors of m.
2, 7
Let s = 63 - 41. What are the prime factors of s?
2, 11
Let d be 43/5 + 2/5. What are the prime factors of (-11)/(-1) - d/(-3)?
2, 7
Suppose -5*b - 4*v - 6 = 0, 2*b = -0*v + 2*v + 12. Let k(d) = -3*d - 3*d**2 - 5*d**b - d**3 - 5 + 4*d**2. List the prime factors of k(-4).
7
Let c be ((-42)/(-28))/(3/4). List the prime factors of -4 + c - (-2 + -29).
29
Suppose 0 = -q - 19 - 20. Let h = -21 - q. List the prime factors of h.
2, 3
Suppose 4*b = -5*w + 1513, -2*w + 4*w = 10. List the prime factors of b.
2, 3, 31
Let b be -1*(-2 + (-1 - -2)). Let u = 3 - b. List the prime factors of u/(-3)*(-3 - 9).
2
Let o(i) = i**2 - 6*i - 7. What are the prime factors of o(-3)?
2, 5
Let t(q) = -q**2 + 5*q - 1. Let x = -3 + 16. Let m = x - 9. What are the prime factors of t(m)?
3
Let z = 132 + -86. Let f = -19 - -45. Let r = z - f. What are the prime factors of r?
2, 5
Suppose 2*j = -4*d + 24, 3*d + 12 = -d. What are the prime factors of j?
2, 3
Let a(g) = -g**3 - 2*g**2 + 6*g + 2. Let d(y) = y - 7. Let x be d(3). Let c be a(x). Let f = c - 4. List the prime factors of f.
2, 3
Let z(j) = j**2 + 7*j + 13. Let l be z(-6). Let m(k) = k**3 - 6*k**2 - 6*k + 10. List the prime factors of m(l).
17
Let u be 233/5 + (-4)/(-10). Let c(a) = -a + 2. Let d be c(2). Suppose 4*f + 3*g - 71 = d, 0 = -f - 2*f + 4*g + u. List the prime factors of f.
17
Suppose 34 = d + k, -2*d - 4*k = -d - 28. Let g = -20 + d. What are the prime factors of g?
2
Let p be 186/9 + (-2)/(-6). Suppose u + p = 3*r, -r - u + 35 = 3*r. What are the prime factors of r?
2
Suppose -6*p + 4*p + 6 = 0. Suppose 4*z = p*z. Suppose b - 3*b + 14 = z. What are the prime factors of b?
7
Suppose 2*a - 36 = -2*a. Suppose -a = 4*n + 39. Let o = n + 19. What are the prime factors of o?
7
Suppose 0 = 4*x + 2*x - 774. What are the prime factors of x?
3, 43
Let s = 59 - 51. List the prime factors of s.
2
Let b(x) = x - 1. Let h(k) = 3*k - 1. Let i(u) = -2*b(u) + h(u). What are the prime factors of i(7)?
2
List the prime factors of 2/(-18)*-15*21.
5, 7
Let c(y) = -60*y - 27. List the prime factors of c(-5).
3, 7, 13
Let u = 7 - -1. List the prime factors of u.
2
List the prime factors of 6/(-45) + 43582/165.
2, 3, 11
Suppose -2*d = -d - 20. Let u = -4 + d. List the prime factors of u.
2
Let z(a) = 6*a**3 + 1. List the prime factors of z(3).
163
Let x be (1/(-1))/((-1)/3). Suppose -x = -p + 1. What are the prime factors of p?
2
Let x = 24 + -20. List the prime factors of (-110)/x*(-8)/10.
2, 11
Let r(t) = -t**3 - 5*t**2 + 4*t - 4. Let o be r(-6). Suppose o*j - 20 = 3*j. List the prime factors of (42/8 + -2)*j.
13
Let a(y) = -y**3 + 5*y**2 + 3*y - 2. What are the prime factors of a(4)?
2, 13
Suppose 64 = x + 3*x. Let j = 5 + x. List the prime factors of j.
3, 7
Let r = 23 + 5. Suppose -2*x - 7 - 25 = 0. Let q = r + x. What are the prime factors of q?
2, 3
Let d = -15 + 23. What are the prime factors of d?
2
Suppose 0 = 3*v - 0*d + 5*d - 514, -4*d = -2*v + 350. What are the prime factors of v?
173
Suppose 2*y = -3*y + 3*l + 135, -4*y + l + 115 = 0. List the prime factors of y.
2, 3, 5
Let f(v) = -v**3 - v**2 - 2*v + 1. List the prime factors of f(-3).
5
Suppose -2*d - 6 = -4*d. Let z = d - -15. What are the prime factors of z?
2, 3
Let i be 2/(((-4)/2)/24). Let s = i + 70. List the prime factors of s.
2, 23
Let n = 0 + 3. Suppose 9 = n*g - 3. Suppose g = -0*a + 2*a. List the prime factors of a.
2
Suppose m = -2*d + 59, -174 - 33 = -3*m + 4*d. List the prime factors of m.
5, 13
Let k(i) = -i**2 + 3*i + 1 + 0*i + 5*i. Let t be (-3 - 1) + 15 - 4. List the prime factors of k(t).
2
Let u be 1 + (-2)/(-2) + 7. Let t be (-78)/8 - u/(-12). Let n(b) = -b**2 - 10*b - 1. List the prime factors of n(t).
2
Let l(v) = -v**2 + 8*v - 8. Let w be l(6). Let k be 6/4 + (-2)/w. Suppose h + k = 10. List the prime factors of h.
3
Suppose -300 = -0*q - 4*q. Suppose -63 = -3*o + q. What are the prime factors of o?
2, 23
Let x = 158 - 113. Suppose 4*n + 4*v = 16, v - 12 = -3*n - 3*v. Suppose -k = -n*k + x. List the prime factors of k.
3, 5
Suppose 0 = -h - 7 + 1. Let p(r) = r**2 - 6. What are the prime factors of p(h)?
2, 3, 5
Let b be 1*5/(5/2). Suppose -3*y + 86 = 4*d, -2*y - b*d + 5*d = -63. List the prime factors of y.
2, 3, 5
Let y(k) = k**2 - 4. Let o(f) = f**2 + f - 3. Let l(t) = 4*o(t) - 3*y(t). Let v = 2 + -7. List the prime factors of l(v).
5
Let l = 105 + 177. List the prime factors of l.
2, 3, 47
Suppose 51 = -2*z - z. Let p be (-5)/10*(1 + z). Suppose -5*g = -g - p. What are the prime factors of g?
2
Let j be 1/1*(-2 + -4). Let i be ((-3)/j)/(1/(-2)). What are the prime factors of 3/(-4)*(i + -11)?
3
Let z(p) = p**3 + 6*p**2 - 7*p + 3. Let n be z(-7). Suppose 2*a = a + 2*d + 10, n*a = 4*d + 24. Let t = 10 - a. What are the prime factors of t?
2, 3
Let c(w) be the first derivative of -w**7/840 + w**6/120 - w**4/24 + 2*w**3/3 - 3. Let x(v) be the third derivative of c(v). What are the prime factors of x(2)?
3
Let z(h) = h**2 - h - 5. What are the prime factors of z(-3)?
7
Suppose 4*n - 3*u + 34 = -28, 0 = 2*n - 5*u + 38. Let f be (n/(-4))/(3/18). Let y = f - 4. What are the prime factors of y?
17
Suppose -5*t = 9 + 1, r - t = 4. Suppose 0 = -3*z - 15, -b = -3*b - r*z + 28. List the prime factors of b.
19
Suppose 5*l + 5*d - 440 = -0*l, 244 = 3*l - 2*d. Suppose 4*x = 8*x - l. List the prime factors of x.
3, 7
Suppose 3*z = 3*d - 0*d - 66, -5*d = 5*z - 130. List the prime factors of d.
2, 3
Suppose -4*l - 3 - 5 = 0. Let a be l/3 + (-44)/(-12). Suppose a*z = 9, -2*c = c + 5*z - 24. What are the prime factors of c?
3
Let p(y) = -6*y + 8. List the prime factors of p(-18).
2, 29
Suppose -229 - 79 = -4*p. What are the prime factors of p?
7, 11
Let m(b) = b + 5. Let p be m(-10). Let n = p + 5. What are the prime factors of n + 0 + 1 + 1?
2
Let l = -4 - -4. Suppose -4*n + 60 = -2*n. Suppose l*s - 5*s = -n. What are the prime factors of s?
2, 3
List the prime factors of ((-57)/6)/((-5)/10).
19
Let a = 20 - 46. Suppose -2*h + 4*m = h + 50, -5*h - 64 = 3*m. Let t = h - a. What are the prime factors of t?
2, 3
Let c = -88 + 60. What are the prime factors of (15/10)/((-3)/c)?
2, 7
Let b be (6/8)/(2/8). What are the prime factors of 112/b + (-20)/(-30)?
2, 19
Let g = 34 - -5. List the prime factors of g.
3, 13
Let y(n) = -5*n - 8. Let v(m) = 6*m + 9. Let u be (1/(-1) - 0)*4. Let j(p) = u*v(p) - 5*y(p). What are the prime factors of j(4)?
2
Suppose -9*q + 8*q = -116. What are the prime factors of q?
2, 29
Let d(k) = 2*k + 25. List the prime factors of d(0).
5
Suppose 2*j = 8, j - 5*j = -2*u - 20. Let i be ((-4)/(-8))/(u/4). Let l(q) = -3*q. List the prime factors of l(i).
3
Let o(q) = -2*q - 9. Let l be (-1)/(-2)*(6 + -2). Suppose -l*z - 8 = 3*p + 2, -4*p - 8 = 4*z. List the prime factors of o(p).
3
Let q(k) = -2*k**3 - 2*k**2 - 2*k - 1. Let a be q(-1). Let t = -3 - a. What are the prime factors of (-15)/10 + (-26)/t?
5
Suppose 0 = -2*j + 4*j. What are the prime factors of -25*3/(-3 - j)?
5
Let r be 48/2*(-6)/(-8). Let a = -12 + r. What are the prime factors of a?
2, 3
Let d be (-5)/(-15)*(-2 - -8). Suppose 0 = 5*c + d*n - 137, -85 = c - 4*c - 4*n. What are the prime factors of c?
3
Let z(o) = -o**3 - 17*o**2 + 10. Let s be z(-17). Let y = -1 - -5. Suppose -y*c = c - s. What are the prime factors of c?
2
Suppose c + 46 = 3*t, t + 4*c = 5*t - 64. Suppose 0 = a - 3*g - 10, g = a + 2*g - 6. Let s = t - a. What are the prime factors of s?
2
Sup